4 - (1 - 3)) + 12 + -20
-2
-10 - (-6 - 40) - 35
1
What is the value of 13 + (-21 + 26 + -12 + 1 - -9)?
16
What is the value of (11 + -1 - 24) + (17 - 7)?
-4
Evaluate (-7 - 5) + 9 + (-19 - -1).
-21
24 + (43 - (-3 + 50))
20
Evaluate -236 + 226 + 1 + 17.
8
What is (27 - 34) + (23 - -1 - (-16 - -14))?
19
-648 - -615 - (-1 + -20)
-12
Calculate (-3 - (-1 - 4)) + (10 - 6) + 13.
19
Calculate (227 - 226) + -2 + -2.
-3
-55 + 10 + 17 + 0
-28
Evaluate -2 + (-3 + -4 - (2 + 6) - -1).
-16
What is 11 + -2 + (-14 + 8 - -6)?
9
Evaluate -4 + -4 + -10 + (9 - 13 - 0).
-22
Calculate -14 - (23 - 5) - -24.
-8
1 + -28 - (8 - 31 - -12)
-16
What is the value of (1 - -27) + (512 - 514)?
26
-2662 + 2650 + (1 - 0 - 5)
-16
What is the value of (6 - 1) + (-196 - -198)?
7
Evaluate (9 - -2) + (-24 + 9 - -5).
1
Evaluate -19 - (-22 - (16 - 5)).
14
What is the value of (8 - -1 - (-29 - -37)) + -8?
-7
Calculate (0 - (4 + -1) - 0) + 2 - 6.
-7
What is the value of 17 + (-2 - (-8 + -3) - 9)?
17
Evaluate -22 - (-30 - (-28 + 45)).
25
What is the value of (29 - (19 - -2)) + -16?
-8
-22 + 52 + -21 - (1 + -16)
24
What is the value of 0 - (3 - 2) - -18?
17
(-53 - -77) + -40 + 18 + 1
3
Evaluate (20 - 39) + 35 + -8.
8
What is 11 + -4 + 10 + (-1 - 2) + -7?
7
What is the value of -1 - ((13 - 17) + (-22 - -2) + -6)?
29
Calculate -3 + (1 + -3 + -1 - (2 - 6)).
-2
16 + 7 + -19 + -2
2
Calculate 25 - ((-5 - -32) + -12).
10
Evaluate -16 + 7 - (-6 + 3).
-6
(-2831 - -2803) + -1 + 1 + 13
-15
-218 - -239 - (24 + 1)
-4
Evaluate (-1 - (-2 - 0) - 6) + 479 + -459.
15
Evaluate -2 - (-3 + (17 - (-2 - -3))).
-15
What is 7 - (-3 + 0 - 4)?
14
Calculate 2 - 1 - (3 + (7 - (-2 + 6))).
-5
What is -3 + 9 + -12 + 11 + -9?
-4
Evaluate -7 + 5 + 0 + 6 + 0 + -16.
-12
Evaluate 72 + -76 - (1 - 19).
14
What is the value of -14 + (16 + -1 - -12) - (4 + 0)?
9
Calculate -4 + (-6 + -2 - -7 - 19).
-24
Calculate 408 + -431 + (1 - 4).
-26
What is -7 + 2 - 0 - (3 - (6 + 7))?
5
What is -27 + -17 + -13 + 65?
8
30 - 5 - (9 + 2)
14
What is the value of 6 - (-23 - -12) - 39?
-22
What is (-35 + 18 - -33) + -32?
-16
(-1 - 1 - -5) + (-52 - -41) + -7
-15
Calculate 0 + -48 + 125 + -94.
-17
-14 - ((18 - 63) + 20)
11
Calculate -13 - (-6 + (-4 - (5 + -12)) - 0).
-10
-13 + 1 + 3 - (-83 + 87)
-13
Evaluate -6 + -17 + 3 + 5 - -2 - -4.
-9
Evaluate -17 + -3 + 17 + 17.
14
What is 279 + -284 + -4 + 0 - (-28 + 0)?
19
26 + -24 + -24 - 3
-25
Calculate -82 + 54 + (-4 + 17 - 0).
-15
What is the value of 45 - 0 - (2240 - 2209)?
14
Calculate -9 + 10 + -6 + -5.
-10
What is (-5 - -2) + (-780 - -795)?
12
0 - (11 + -14 + -3 + 7)
-1
What is 24 - (26 + (5 - 38))?
31
What is the value of -3 + (25 + -25 - (-2 + 4 - -2))?
-7
2 - (18 - (12 - 1))
-5
-5 + 9 - 27 - (10 + -17 + -1)
-15
Calculate (2 - -5) + (-14 + -2 - 1).
-10
What is the value of (7 - -2 - 15) + 15 + (-29 - -2)?
-18
What is -7 + (-1 + 8 - 0)?
0
105 + -82 + 3 + 4 + -5 + 0
25
1 + -20 + (14 - ((22 - -3) + -14))
-16
Evaluate 1 + 1 - (-155 + 154).
3
Calculate -22 - (-26 - (-23 + 21)).
2
What is 1 + -3 - (10 - (4 - 1))?
-9
Evaluate -10 + -35 + 1 + 67.
23
Calculate (0 - 11) + (-4 - -11) + -5.
-9
What is the value of 3 - -1 - ((6 - 6) + (1 - -13))?
-10
Evaluate -7 - (-16 - (-3 - 9)).
-3
Calculate (19 - 10) + -27 + 5.
-13
Calculate (-27 - -1) + (-253 - -261).
-18
Evaluate (-45 + 1 - (28 - 42)) + 18.
-12
9 + -12 + 16 + -1 + -14
-2
What is the value of -8 + (15 - -44) + -28?
23
(-22 - (1 + -2) - -9) + 26
14
Evaluate (-8 - 0) + (5 - -1) + 15.
13
What is (55 - (37 - -3)) + -24?
-9
What is (11 - 22) + 8 + -5?
-8
Evaluate 2 + -5 + (-1 - (-4 - -5)) + 1.
-4
5 + 13 + (-12 - -8)
14
Calculate (20 - (26 + -5)) + (-2 - -10) + 0.
7
Calculate 0 + 1 - 0 - -1 - (-12 - -14).
0
What is -65 + 75 - (-3 - -29)?
-16
Evaluate 6 + 5 + (-6 - (0 + (3 - 0))).
2
What is the value of 32 - (4 - (7 - 3))?
32
(7 - -1) + -2 - (-584 - -587)
3
-712 + 721 - (3 + -3 + -16)
25
What is 1 - (7 - (0 - 1)) - (-9 - 8)?
10
Calculate 14 + (-4 - (-29 + 23) - (5 - -1)).
10
What is the value of -6 - (37 - 84 - -30)?
11
What is -46 - (32 - 96) - (-7 + (-1 - -3))?
23
What is -3 - (-5 + (14 - 4 - -5))?
-13
What is the value of 8 + (7 - (-1 - -15))?
1
What is (-21 - -5) + (15 - (14 - -3)) - -8?
-10
What is 3 + -4 + (9 - 21 - -5) + 2?
-6
-13 + 18 + -5 + -23 + 23
0
What is (2 - (21 + -1 - 5)) + 34?
21
Calculate (-16 - (20 - 51)) + (-4 - 1).
10
Calculate 16 + -8 - (165 - 122).
-35
Calculate 5 + -27 + (-4 - -23).
-3
What is -25 + 8 - (30 + -40)?
-7
-27 + 3 + (9 + -3 - -1)
-17
-8 + (-3 - -5) + (-4 - (-5 + -3))
-2
25 + -2 + 8 + 6 + -11 + -1
25
What is 5 - (8 - (3 - 10))?
-10
Evaluate 5 + -18 + -31 + 67.
23
What is the value of 23 + (-24 - (12 + -15))?
2
(-4 - -2) + (-39 - -14)
-27
What is the value of -1 + (-2 - -2) + 93 + -70?
22
What is -13 - (-3 + (3 - 4) + 3)?
-12
-4 + 14 + 17 + -24
3
Evaluate 45 + -30 + 0 + -17.
-2
Calculate 2 + -3 - (0 + (-27 - -12)).
14
Calculate 4 + 1 - (22 + (-11 - 15)).
9
What is the value of -7 + (1 - 8 - (5 - 8)) + 13?
2
What is 8 - 3 - (12 + 3)?
-10
What is -2 + (343 - 351 - (-2 + (-1 - -2)))?
-9
What is the value of 12 - (-13 + 32 - 15)?
8
Evaluate (595 + -604 - (-13 - -1)) + 1 + 2.
6
What is the value of -2 + (-9 + (-3 - -7) - 1)?
-8
What is the value of (-1 - -1) + 8 - (-42 + 74 + -36)?
12
Evaluate -45 - (12 + -60) - (19 - 0 - 0).
-16
What is 26 + -15 - ((-7 - 1) + 31)?
-12
-5 - 3 - (26 - 19)
-15
Evaluate 2 + -13 + 3 + (7 - -2) - 0.
1
-4 - (-2 + -7) - (0 + 3 + -3)
5
Calculate (13 - 1) + (22 - 19) - 17.
-2
What is the value of -25 + (-27 - -53) + (3 - 1) + 15?
18
Calculate -7 + (-4 - -14 - -5).
8
1 - 9 - (139 + -152)
5
What is (-20 - 1) + -12 + -16 - -13?
-36
Evaluate -5 + 2 + (-6 - -18).
9
What is -8 - 0 - (-13 + (-20 - -18))?
7
(-7 - 1) + (3 - (8 - 16))
3
Evaluate 13 + 12 + -20 + -7.
-2
What is the value of 5 - (7 - (-10 - -5))?
-7
Calculate -16 + -5 + 20 + 1 + 11.
11
What is the value of (108 - 70 - (-12 + 2)) + -18?
30
What is the value of 6 + (-69 - -54) + 29 + 3?
23
Calculate 7 - (18 - (-6 + -8 + 15)).
-10
(-26 - -13 - 5) + (-3 - -9)
-12
-5 + -3 + 6 + 4 - 15
-13
What is -3 - ((-29 - -2) + -8)?
32
Evaluate -4 - (6 - 2 - 1 - 1).
-6
Evaluate -10 + 10 + (-5 + 4 - -4).
3
-1 + -9 + (-143 + 161 - (15 - 0))
-7
What is the value of -4 + 1 + (41 - 18)?
20
What is the value of -51 + (-58 - -42 - -39)?
-28
What is the value of 39 - (89 - 40) - (1 + (-2 - 6))?
-3
26 + -25 + -1 - 1
-1
(110 - 112) + 0 + -2 + 2 + 0
-2
Calculate (-3 + 0 - -9) + -6 + -6 + 13.
7
What is the value of -9 - (1 - 3) - (23 + -27 + -5)?
2
Calculate 0 + -29 + 13 - -12.
-4
What is -78 - -44 - -24 - -3?
-7
Calculate 6 - -1 - (19 - 12) - (6 - -4).
-10
What is the value of (0 - -3 - (-19 + 23)) + 18?
17
What is 2 + 0 + -2 + -3 + 104 + -78?
23
What is (-4 - 2) + (-8 - 4 - 3) + -6?
-27
What is the value of (-2 - 14) + 2 + -13 + (17 - 2)?
-12
(8 - 5) + -1 + (3 - 7) + -1
-3
Calculate -15 + 7 + -4 + -3 + (12 - 8).
-11
Evaluate 6 - ((-9 - 1) + (-74 - -86)).
4
Calculate (3 - 3) + 9 + -13.
-4
What is the value of 5 - 1 - 1 - (-116 - -118)?
1
(4 - 4) + -1 + -3 + 4 + 13
13
What is the value of 28 + -42 + (2 - -2) + 7 + -13?
-16
What is 12 - (-9 + 13 - (0 - 3))?
5
Evaluate 5 + -9 - (-3 + -14) - 6 - 20.
-13
Evaluate 10 - ((64 - 64 - (2 + -1)) + -2).
13
What is (-6 - (-6 + 0)) + -15?
-15
What is 21 + -30 - (8 - (-6 - -17))?
-6
22 - 11 - -5 - 18 - (-23 + 0)
21
Evaluate 11 - (24 + (2 - (15 - 11))).
-11
(10 - (-8 - -24)) + -4 + (4 - -8)
2
-13 + (13 - 5 - 6)
-11
What is the value of 9 - (-8 + 1 + -5 + 14)?
7
What is (12 - 11) + -2 + -8 + 3 + 3?
-3
(-9 - -8) + -2 + -6
-9
Evaluate -1 - 28 - (4 + (-8 - (-15 - -3))).
-37
What is 9 + (6 - ((12 - 7) + 4))?
6
What is 16 + (6 - (-2 + 7))?
17
9 - (-10 - -28 - (-3 + 3))
-9
What is -5 + 0 + (-3 - (18 + -17) - -15)?
6
(-11 - -9) + (-7 - -6) + 0 + 0
-3
Evaluate -51 + (27 - 64) + 60.
-28
What is the value of 11 + (-12 - (-14 - -7)) + -1?
5
-39 - -4 - -1 - (68 - 73)
-29
(-3 - -26) + 286 + -296
13
Calculate 12 - (33 + (6 - 19) - (1 + -5)).
-12
(15 - 8) + -20 + 15 + -4
-2
What is -13 + 5 - -3 - 1?
-6
What is -9 + (-4 - -3) + -6 + (-20 - -19)?
-17
What is the value of 2 + (2 - 2) + 18 + -29 + 20?
11
-1 + ((-4 - -2) + -1 - -2 - -12)
10
What is the value of 178 - 163 - (2 - -21)?
-8
What is the value of -1 - -2 - 3 - (8 - (-13 + 9))?
-14
Evaluate -5 + 4 + 6 + -5 + 